20412
In base 6, what is 14 + 204135?
204153
In base 3, what is -1002 - 222020?
-1000022
In base 14, what is -40532 - -1?
-40531
In base 11, what is 7 - 118?
-111
In base 14, what is -5b4 + 76?
-53c
In base 8, what is 175 - -10213?
10410
In base 12, what is b19123 + -3?
b19120
In base 15, what is 1ace + -1?
1acd
In base 13, what is -25199 + 5?
-25194
In base 14, what is -c322a - -2?
-c3228
In base 14, what is -dcc4 + -26?
-dd0a
In base 7, what is -1 - -6165340?
6165336
In base 5, what is -121 - 120343?
-121014
In base 10, what is -174 - 813?
-987
In base 16, what is -1ac + 48?
-164
In base 15, what is 9b - 49?
52
In base 5, what is -24433 - -12?
-24421
In base 12, what is -576a - -5?
-5765
In base 13, what is -8 + -6cc?
-707
In base 14, what is -4 - -4579?
4575
In base 8, what is 4 + -654435?
-654431
In base 9, what is -2 - -104586?
104584
In base 9, what is 4727 - 22?
4705
In base 12, what is 81 + -9?
74
In base 12, what is -74416 + -3?
-74419
In base 14, what is -98 - -1a3?
109
In base 9, what is 37 - -31163?
31211
In base 12, what is -6a - 902?
-970
In base 11, what is -8031 - 10?
-8041
In base 16, what is -4c5 - 126?
-5eb
In base 16, what is 336 - b?
32b
In base 15, what is -15 - 3c7?
-3dc
In base 15, what is 231bd - -4?
231c2
In base 6, what is 0 - -52521?
52521
In base 12, what is -280b + -141?
-2950
In base 16, what is 2 - 5ad3?
-5ad1
In base 3, what is -11 + 2201220112?
2201220101
In base 11, what is -1223 - 0?
-1223
In base 16, what is -13 + -285?
-298
In base 2, what is 1110011011001101 - 100?
1110011011001001
In base 2, what is -101 - 11000011100111010?
-11000011100111111
In base 2, what is 0 - -11111010101?
11111010101
In base 11, what is 3a + 95?
124
In base 7, what is -1020131 + -3?
-1020134
In base 11, what is -371 - 46?
-407
In base 4, what is -101333 - -301?
-101032
In base 2, what is -1011000 + 1100011?
1011
In base 5, what is 24 + 13211103?
13211132
In base 4, what is 1123 - 101?
1022
In base 8, what is 1516 - 1415?
101
In base 15, what is 63 + 3bc8?
3c3b
In base 10, what is 8 + 5051?
5059
In base 3, what is -10 - -1022210222?
1022210212
In base 14, what is -19d3b + 3?
-19d38
In base 15, what is -23e + -43?
-282
In base 2, what is -1110001100001111 - 10?
-1110001100010001
In base 4, what is -1020102 - -123?
-1013313
In base 14, what is -23b1 - 4?
-23b5
In base 15, what is 240 + -3?
23c
In base 6, what is -14132 - 11?
-14143
In base 5, what is 21 + -311113?
-311042
In base 5, what is -3 + -10043230?
-10043233
In base 15, what is 1650 - -5?
1655
In base 2, what is 1111000111010110010 + 10?
1111000111010110100
In base 14, what is 16 - -378?
390
In base 15, what is -1 - 8786?
-8787
In base 3, what is 2 - 210012012111?
-210012012102
In base 12, what is -51a43 - -5?
-51a3a
In base 13, what is 9a39 - -21?
9a5a
In base 8, what is 3 + 336027?
336032
In base 2, what is 111110001 - -10010001110?
11001111111
In base 6, what is 11 - 12303035?
-12303024
In base 15, what is -6 - 8202?
-8208
In base 7, what is -4165 + -626?
-5124
In base 15, what is 91e + 228?
b47
In base 4, what is -1123 - 122232?
-130021
In base 7, what is -14056 + -1035?
-15124
In base 6, what is 4354 + -22?
4332
In base 2, what is 101010110100000100100000 + 101?
101010110100000100100101
In base 15, what is 1ac7a + 0?
1ac7a
In base 8, what is -66 + 17114?
17026
In base 10, what is -24 + -127494?
-127518
In base 16, what is -1f4 - -6b?
-189
In base 15, what is 258 + -e?
249
In base 12, what is -2 + a763?
a761
In base 14, what is 2723b + -3?
27238
In base 9, what is 2133433 + -4?
2133428
In base 3, what is -210 + 10011002?
10010022
In base 15, what is -12a1 + -1be?
-1470
In base 6, what is 5 + -141523?
-141514
In base 2, what is 1110001110 - 1010111101?
11010001
In base 15, what is 3 - -1572?
1575
In base 13, what is 2c468 + -1?
2c467
In base 6, what is 12343304 - -1?
12343305
In base 4, what is 33021 + 112?
33133
In base 3, what is -11 + 1120220020121?
1120220020110
In base 8, what is -4 + 2353006?
2353002
In base 8, what is 521321 + 1?
521322
In base 6, what is 23103 - 11?
23052
In base 15, what is 40bb3 - 10?
40ba3
In base 11, what is 7767 + 527?
8193
In base 9, what is -32 - -1448?
1416
In base 14, what is -126957 - 3?
-12695a
In base 5, what is 20 + -41312?
-41242
In base 11, what is 1 - 7a998?
-7a997
In base 8, what is -1607 + -456?
-2265
In base 5, what is 31 - 3102010?
-3101424
In base 2, what is 1110001010010 + -101?
1110001001101
In base 12, what is 1 + -10944?
-10943
In base 6, what is -4544002 + 3?
-4543555
In base 13, what is 4053c + -5?
40537
In base 6, what is 4150 - 51?
4055
In base 7, what is 563631 - 60?
563541
In base 11, what is 13045 + 2?
13047
In base 3, what is -101211 + 1100?
-100111
In base 6, what is 11121150 + -30?
11121120
In base 15, what is -209d - -2?
-209b
In base 4, what is 3123 - -303200?
312323
In base 3, what is -100122221011 + 22?
-100122220212
In base 10, what is 1 - -284269?
284270
In base 4, what is 322 - 130?
132
In base 8, what is -13 + -123450?
-123463
In base 16, what is 38 - b2?
-7a
In base 5, what is -30 + 2031332?
2031302
In base 13, what is -1 - 4b77?
-4b78
In base 3, what is -11 - -10201221200?
10201221112
In base 6, what is 423 + 1135?
2002
In base 3, what is -11 + -11101121002?
-11101121020
In base 12, what is 30a03 + 2?
30a05
In base 8, what is 7240 - 150?
7070
In base 11, what is 4692 - -5?
4697
In base 14, what is -49 + 305?
29a
In base 2, what is -1110 + -111010000100?
-111010010010
In base 11, what is 143 - -694?
827
In base 7, what is -6 + 603526?
603520
In base 13, what is 1 + 2a7ba?
2a7bb
In base 3, what is 1002 + 20110102?
20111111
In base 8, what is -1146114 - -3?
-1146111
In base 9, what is -5866 + 288?
-5567
In base 5, what is 4232 + -111?
4121
In base 15, what is 20 + -1dbb7?
-1db97
In base 9, what is -34555 + 2?
-34553
In base 3, what is 1220220 + 2000?
1222220
In base 8, what is -261144 - 3?
-261147
In base 2, what is 10 + -10100010010000101?
-10100010010000011
In base 4, what is 1113333 - 12?
1113321
In base 12, what is -7 - -7773?
7768
In base 4, what is 3200003 - -13?
3200022
In base 6, what is 2 + -4050345?
-4050343
In base 11, what is -47266 + -2?
-47268
In base 10, what is -13863 + -1?
-13864
In base 11, what is -1 - 678544?
-678545
In base 14, what is -495 - 104?
-599
In base 12, what is 15 + -29b03?
-29aaa
In base 10, what is -7 + -1336?
-1343
In base 7, what is 5 + -22214?
-22206
In base 15, what is -93 - -43eb?
4358
In base 6, what is -2530 - -324?
-2202
In base 5, what is -1104 + 213?
-341
In base 7, what is 16032 + 55?
16120
In base 11, what is 5 + -884a?
-8845
In base 2, what is 110000 - -10110111010001?
10111000000001
In base 5, what is -10033 - 13412?
-24000
In base 9, what is 615 + -17?
587
In base 14, what is 35d + -30?
32d
In base 11, what is 4 + -670964?
-670960
In base 9, what is 3627504 - -4?
3627508
In base 11, what is -23885a + -1?
-238860
In base 9, what is -12 - -11227?
11215
In base 12, what is 9 + -2529?
-2520
In base 9, what is 3 - 4123?
-4120
In base 5, what is 32020 + 3401?
40421
In base 15, what is -5 + -1885?
-188a
In base 6, what is -240 + 10145?
5505
In base 12, what is 2 - 45499?
-45497
In base 5, what is 0 + 1101224?
1101224
In base 12, what is -5 - -295a09?
295a04
In base 8, what is -5446 - 3?
-5451
In base 6, what is 11050 - -330?
11420
In base 15, what is 5eda + a?
5ee5
In base 8, what is -2 - 36431?
-36433
In base 14, what is 194 - -80b?
9a1
In base 16, what is -304 + 21b?
-e9
In base 12, what is 1b8a0 - 5?
1b897
In base 8, what is -171 + -1252?
-1443
In base 10, what is -299 + -673?
-972
In base 7, what is -245554 + 2?
-245552
In base 16, what is 0 - c8f2?
-c8f2
In base 10, what is -306406 + -4?
-306410
In base 4, what is -222 - -13111?
12223
In base 3, what is -212 - 20210?
-21122
In base 11, what is -37a + 2818?
2449
In base 16, what is 3 - -55?
58
In base 12, what is -35b + -64?
-403
In base 2, what is -1110 - -1011101101110?
1011101100000
In base 11, what is -4 - 22340?
-22344
In base 7, what is -210563 + 1?
-210562
In base 15, what is 16 - 103b1?
-1039a
In base 12, what is -47b - -2b0?
-18b
In base 4, what is 122 - -10312?
11100
In base 4, what is 2 - -1210032032?
1210032100
In base 13, what is -a9 + 244?
168
In base 5, what is -10 - 410234?
-410244
In base 